?
11
Suppose 23 + 17 = k. Let v be ((9 - 3)/2)/(9/30). Suppose 2 = -w + v. Calculate the greatest common factor of k and w.
8
Let y(b) = 2*b**3 - 10*b**2 + 8*b - 3. Let p be y(5). Calculate the highest common factor of 740 and p.
37
Let s(m) = 3*m**2 + 4*m + 2 + 0*m + m**3 + 3*m**2. Suppose -5*j - 18 = 2. Let b be s(j). Calculate the greatest common divisor of b and 6.
6
Let h = -54 + 90. Let f(p) = 3*p**3 + 21*p**2 - 32*p - 55. Let z be f(-8). Calculate the greatest common factor of z and h.
9
Let g be (-22)/(4 + 168/(-40)). What is the greatest common divisor of g and 44?
22
Suppose 5 = 3*f + 50. Let b = 35 + f. Calculate the greatest common divisor of 80 and b.
20
Suppose -2*f = -5*j + 6598, -2*j + 5*f - 6605 = -7*j. Calculate the greatest common factor of 11 and j.
11
Suppose 5*a - 2*a - 3*y = 384, a - 5*y = 140. Calculate the highest common divisor of 20 and a.
5
Let h(o) = -o**2 + 16*o + 15. Let u be h(15). Suppose -3*j + u = 2*j. What is the highest common divisor of 42 and j?
6
Let j = 131 - 121. What is the highest common factor of j and 790?
10
Let w be 1/(((-2)/2)/(-25)). Suppose -47*f = -70*f - 345. Let j = w + f. What is the highest common factor of 4 and j?
2
Let a be -4 + 1 - (-65)/39*15. Calculate the highest common factor of 33 and a.
11
Suppose 18*r = 3829 + 239. What is the greatest common divisor of 1469 and r?
113
Suppose z - 4*g = 116, -2*z - 3*g + 5*g = -202. What is the greatest common factor of 64 and z?
32
Let j(h) = -h**3 - 6*h**2 - 2*h - 9. Let f be j(-6). Suppose 2*x - 5 - f = 0. Calculate the greatest common factor of x and 20.
4
Let j be (0*(-1)/2)/(84/(-21)). Suppose j*x = -5*x + 155. Calculate the highest common divisor of x and 279.
31
Suppose -5*j = j + 102. Suppose 0 = 4*v + 56 + 44. Let g = j - v. What is the greatest common divisor of g and 20?
4
Let z(m) = -3*m**3 + 2*m - 3. Let t be z(-3). What is the greatest common divisor of 9 and t?
9
Suppose 4*p + 19 = 179. Calculate the greatest common factor of 120 and p.
40
Let r be (-9 + -270)/(3/6 + -1). Let o = 819 - r. Calculate the highest common divisor of 29 and o.
29
Let y be 2 + 0 - (-13 + (-2046 - -2)). What is the highest common factor of y and 29?
29
Let z(a) = -a**3 + 6*a**2 + a - 9. Let v be z(3). What is the highest common factor of v and 1113?
21
Suppose 0 = -4*l - 8, 2*l + 27 = 5*x - 157. What is the highest common divisor of x and 27?
9
Let m = -50 + 106. What is the greatest common divisor of 392 and m?
56
Let g(l) = 4*l + 2. Let m be g(2). Let f(q) = q**2 - 9*q + 14. Let y be f(8). Suppose y*u - 109 = 11. Calculate the greatest common divisor of m and u.
10
Suppose 3*v + 13 = -b + 6, 4*v + 36 = 2*b. Suppose -2*r + 0*j + 9 = j, -r - b = 3*j. What is the greatest common factor of 119 and r?
7
Suppose -2*q - 11 = 3*w, 3*w - 2*q + 10 = 3. Let c(t) = -t**3 - 3*t**2 + 4. Let d be c(w). What is the greatest common divisor of 16 and d?
4
Suppose -4*m = -110 - 190. Calculate the highest common factor of m and 60.
15
Let r(o) = 29*o + 116. Let f be r(5). What is the greatest common factor of f and 116?
29
Suppose -3*a + 28 = 157. Let f = a - -63. What is the highest common factor of 50 and f?
10
Let i = -3 - -5. Let f(w) = w**3 + w**2 - 1. Let z be f(1). Let c be (i + (-2 - z))*-10. Calculate the highest common factor of c and 80.
10
Let q = -13 + 16. Suppose -g + 16 = q*g. Suppose -g*j - 2*j = -912. What is the highest common divisor of 19 and j?
19
Let o = 10 + -29. Let n = -5 - o. What is the highest common divisor of n and 112?
14
Let s = 273 - 141. Let o = 38 + s. Let t = o - 110. Calculate the highest common factor of t and 12.
12
Let u = 63 + -89. Let w = u - -32. Let g be 128/6*9/4. What is the highest common divisor of w and g?
6
Let x = 4467 - 4044. Suppose -6*i + 141 = -3*i. What is the greatest common divisor of i and x?
47
Let d(i) = -i**2 - 5*i - 4. Suppose 10 = -3*k + 5*k. Suppose k*y - y = -12. Let u be d(y). Calculate the greatest common factor of 4 and u.
2
Let x(g) = -g**3 - 9*g**2 - 6*g - 24. Let u be x(-9). What is the greatest common divisor of u and 480?
30
Let r = 816 + -486. Suppose 0 = 4*g + 2*s - 310, 0 = -5*g + 5*s + r + 95. Calculate the highest common divisor of 20 and g.
20
Let c(y) = -14*y - 542. Let i be c(-41). What is the greatest common divisor of i and 304?
16
Suppose -119*c + 112*c = -3626. What is the highest common divisor of 74 and c?
74
Let x be 3/4 + 26250/200. What is the greatest common factor of 33 and x?
33
Let s = -3 + 7. Suppose 0 = -w + s + 1. Suppose 245*b - 243*b - 10 = 0. What is the highest common divisor of b and w?
5
Let q = 1282 - 1246. What is the highest common factor of q and 387?
9
Let z be (-3 + 20/6)*45. Let u = z + 90. Let t = -42 + 84. Calculate the highest common factor of t and u.
21
Suppose -4*v + 5 + 3 = 0. Suppose -5*t - 3 = v, 3*t = -u + 7. Suppose 20 = 5*z, 0 = -2*j + 2*z - z + u. What is the greatest common divisor of j and 49?
7
Let h = -331 - -491. What is the highest common factor of h and 24?
8
Let x = 7 + -10. Let k be (0 - -2 - 3)/(2/4). Let d be 2 - (k + x + -3). Calculate the highest common factor of d and 30.
10
Suppose -4 = 4*t - 0. Let z be (41 - t) + -17 + 15. What is the greatest common divisor of 16 and z?
8
Let o(z) = z**3 - 10*z**2 - z + 14. Let x be o(10). Suppose -g - 39 = 2*s - x*s, -3*s = -3*g - 63. Calculate the highest common divisor of s and 198.
18
Suppose 3*b - b - 6 = 0. Suppose 21*t = 25*t - 20. Suppose -2*n = -3*n + b*k - 3, -2*n + 16 = t*k. Calculate the highest common factor of n and 33.
3
Suppose 3*n - 26 = -2*w, 5 = -w - 0*n + 3*n. Let x = 39 - 10. Let t = x - w. What is the highest common factor of t and 55?
11
Let c = -2379 - -4022. Calculate the greatest common divisor of c and 31.
31
Let g be 0 + (-251)/(-2) - 1/(-2). Calculate the greatest common factor of 558 and g.
18
Let w(f) = f**2 + 7*f - 50. Let h be w(-24). Let z = h + -213. Suppose 0 = -4*m + 142 - 26. Calculate the greatest common divisor of m and z.
29
Suppose -2206 - 1196 = -18*v. What is the greatest common factor of 21 and v?
21
Suppose 77 = 2*t - 5*f, 47 = -t + 3*t + f. Calculate the greatest common divisor of 26 and t.
26
Let n = -237 + 591. Calculate the greatest common divisor of 6 and n.
6
Let p = -412 - -419. Calculate the greatest common divisor of 18 and p.
1
Let b(s) = s. Let q(k) = -4*k - 5. Let y(a) = -15*b(a) - 3*q(a). Let l be y(-5). What is the highest common factor of l and 45?
15
Let d(f) = -f**2 - f + 166. Let b be d(11). What is the greatest common divisor of b and 170?
34
Let k(y) = 4*y + 70. Let l be k(-17). What is the greatest common factor of 26 and l?
2
Suppose 14*p - 396 = 5*p. What is the greatest common divisor of 330 and p?
22
Let a = 58 + -25. Suppose 3*y + 2*c = -0*y + 142, 0 = -2*y + 5*c + 63. Calculate the greatest common factor of a and y.
11
Let n be (-4 - -1)*6*1752/(-27). What is the highest common divisor of n and 64?
16
Let y(u) = -5*u + 4. Suppose -6*d = -3 - 9. Suppose 4 = -d*a - p, 5*a - p + 0 = -17. Let j be y(a). What is the highest common factor of j and 152?
19
Suppose -20 = -4*b + 4*a - 3*a, 4*b + 2*a = 20. Suppose p = q + 8, -b*p + q = -2*p - 18. Suppose v = -0*v + 2. What is the greatest common divisor of p and v?
1
Let g = 914 + -364. Calculate the greatest common divisor of g and 22.
22
Let c(a) = 2*a**3 - 75*a**2 + 38*a + 3. Let d be c(37). Let t = -4 - -9. What is the highest common factor of d and t?
5
Let y be (-18)/(-4) + 9/(-18). Suppose y*f = 2*f - 6. Let r be (2/(-4))/(f/48). What is the greatest common factor of r and 56?
8
Let k(d) = -d**3 + 18*d**2 - 17*d + 5. Let s be k(17). Let a(m) = m**2 - m + 2. Let l be a(s). Calculate the highest common factor of 110 and l.
22
Let h = 1 + 7. Suppose -3*u + h*u - 375 = 0. Let g be (2 - 17)*(-2 + 1). What is the greatest common factor of g and u?
15
Suppose 4*g + 16 = 12*g. Calculate the highest common divisor of g and 7.
1
Suppose 0*s + s - 75 = 0. What is the highest common divisor of s and 100?
25
Let w = -197 + 209. What is the highest common divisor of 786 and w?
6
Suppose 0*d + 4*d = 200. Let y(i) = i**3 + 3*i**2 + i + 4. Let h be y(-5). Let m = -31 - h. Calculate the greatest common divisor of m and d.
10
Let c(x) = 3*x**3 - 8*x**2 + 8*x + 9. Let p be (5 + -1)/(6/6). Let o